culate the remainder when j(22) is divided by (-6)/21 - r/(-28).
14
Let q = 96 + -68. Let x = 10571 + -10494. What is the remainder when x is divided by q?
21
Let s(c) = 10*c**2 + 67*c - 7. Calculate the remainder when 3345 is divided by s(-7).
13
Suppose 11*m - 1535 = 995. What is the remainder when 470 is divided by m?
10
Let g = 633 - 225. Suppose -13*r + 25*r = g. What is the remainder when 105 is divided by r?
3
Let a = 56 + -25. Let k = 33693 + -33636. What is the remainder when k is divided by a?
26
Suppose 928*s = 900*s - 1183 + 59507. What is the remainder when s is divided by 35?
18
Suppose -2*y + 822 = 4*k, 415 = -k + 3*k + 5*y. Let w = k + -183. Calculate the remainder when 174 is divided by w.
20
Suppose 218 = 3*k + 4*r, -3*k + 3 = -4*r - 199. Calculate the remainder when 1327 is divided by k.
67
Suppose 0 = -131*o + 10437 + 19053 + 15967. What is the remainder when 1071 is divided by o?
30
Let y(l) = -13*l + 135. Let h be y(10). Suppose r - 3*r = 4*d - 50, 126 = 4*r - h*d. Calculate the remainder when 114 is divided by r.
27
Suppose 0 = -75*f + 1675 + 11300. Calculate the remainder when f is divided by 27 + -3 + (4 - 2).
17
Suppose 13*c - 216 = 4*c. Let o = 42 - c. Calculate the remainder when o is divided by 7.
4
Let o(b) = 46*b - 1175. Calculate the remainder when 135 is divided by o(28).
22
Let a(f) = -2*f**2 + 83*f - 98. Calculate the remainder when 1274 is divided by a(40).
20
Let l = 154 + -103. What is the remainder when (-5)/2 - (-42490)/140 is divided by l?
46
Let r(y) = y**3 + 18*y**2 - 42*y + 4. Let p be r(-20). Let j = -52 + p. Calculate the remainder when 132*(4/j + 1) is divided by 10.
6
Suppose -3*k = -3*s - 189, 3*k - 177 = 41*s - 40*s. What is the remainder when 739 is divided by k?
55
Let u(s) = s**2 - 167*s + 1773. Calculate the remainder when 2108 is divided by u(11).
56
Let p(a) = 744*a + 4220. Calculate the remainder when 1511 is divided by p(-5).
11
Suppose 2*v - 5*d - 348 = -183, v - 4*d = 84. Calculate the remainder when v is divided by 80.
0
Let m(g) = 11*g**3 - 4*g**2 + 4*g - 4. Let i = 23 - 21. What is the remainder when m(i) is divided by (3 - (11 - 2))/((-4)/26)?
37
Let l(o) = o**2 + 184*o + 4821. Calculate the remainder when 1102 is divided by l(-31).
10
Let o(n) = -3*n**3 - 24*n**2 - 19*n - 117. Calculate the remainder when 1513 is divided by o(-8).
8
Let b(u) = 29*u - 18. Let q(m) = -m**3 - 13*m**2 + 39*m + 174. Calculate the remainder when b(7) is divided by q(-15).
29
Calculate the remainder when 798 is divided by 11/(66/20)*12.
38
Let p(z) = 1000*z - 6902. Calculate the remainder when 499 is divided by p(7).
9
Let b = -2 - -153. Calculate the remainder when b is divided by 48.
7
Let b be (4 + -1)*40/6. Suppose -m + 22 = s, 3*s + 2*m = 6*s - 86. Suppose b*d + 120 = s*d. Calculate the remainder when 55 is divided by d.
15
Let w = -3532 - -3670. What is the remainder when 682 is divided by w?
130
Let d = -1157 - -435. Let o = 805 + d. What is the remainder when 1077 is divided by o?
81
Let k = -132 - -10. Let r = 129 + k. Suppose 6*j = t + 3*j - 8, -3*j = -9. Calculate the remainder when t is divided by r.
3
Calculate the remainder when (48/14)/(324/142128) is divided by 116.
112
Let k(m) = 3*m**2 + 94*m + 40. What is the remainder when k(-32) is divided by 55?
49
What is the remainder when 2995 is divided by 154 - (5 + 1 - ((5 - -6) + -9))?
145
Suppose -5*s = 2*l + 737 + 691, 0 = -3*s - 2*l - 860. Let j = s - -355. Calculate the remainder when j is divided by 29.
13
Let f(k) = -k**2 - 54*k - 356. What is the remainder when 560 is divided by f(-11)?
92
Let q(d) be the third derivative of -d**6/60 + 29*d**5/60 - 11*d**4/8 - 7*d**3/3 + 42*d**2. What is the remainder when q(13) is divided by 33?
31
Let j be 0*(0/1 + -1). Suppose j = 11*c - 37 - 7. Let q(h) = 7*h**2 + 2*h + 9. What is the remainder when q(c) is divided by 33?
30
What is the remainder when 12/30 + 3916268/430 is divided by 16?
4
Suppose 24*l - 50 = 23*l - c, -3*c + 194 = 4*l. Calculate the remainder when 875 is divided by l.
39
Suppose -39 + 164 = 25*r. Suppose -r*u = -x + 16, 5*x - 3*u - 36 - 22 = 0. What is the remainder when 207 is divided by x?
9
What is the remainder when (-53175)/(-60) - (-57)/76 is divided by 428?
31
Let n = 2569 - 2320. What is the remainder when n is divided by 54?
33
Suppose -321 + 517 = 4*j. Let u = j - 28. Suppose v = -2*v + 309. What is the remainder when v is divided by u?
19
Suppose 0 = -5*l + 4*o + 540, -5*o - 311 = -68*l + 65*l. What is the remainder when 19822 is divided by l?
110
Let w(l) = l**3 + 7*l**2 + 5*l - 4. Suppose 3*p - 1 = 5*g + 18, -3*g = 4*p + 23. Calculate the remainder when -40*21/84 + 91 is divided by w(g).
18
Let y(k) = 8*k**2 - k + 12*k**2 + 0*k. Suppose 3*q = -p - 124 + 117, 5*q = p - 9. Calculate the remainder when 41 is divided by y(p).
20
Let q = 10288 + -10274. What is the remainder when 80 is divided by q?
10
Suppose -y = -4*l + 60, 4*l - 2*l = -2*y + 40. Suppose -p - l = -5*p. Let m(b) = 5*b**2 - 6*b + 13. What is the remainder when m(p) is divided by 24?
21
Suppose -z + 2336 = -f - 1718, 0 = -4*z + 2*f + 16216. What is the remainder when z is divided by 29?
23
Suppose -v + 201 = -56. What is the remainder when v is divided by 115?
27
Let m(k) = -k + 7. Suppose -31*g + 29*g - 5*f + 120 = 0, -4*g = -4*f - 156. Calculate the remainder when g is divided by m(3).
1
Suppose 4 = -4*k + 24. Suppose z - k = -2. Suppose 5*h = 4*c + 112, z*h - 74 = -2*c + c. What is the remainder when 45 is divided by h?
21
Suppose -39*k + 27*k = 9948. Let c = 868 + k. What is the remainder when c is divided by 9?
3
Suppose -3*p - 378 = -6*p. Calculate the remainder when p is divided by (238/(-51) - -2)*6/(-3 - -1).
6
Suppose -12*g + 16*g = 3*j + 1152, -5*j - 1912 = -4*g. Let p = 565 + j. What is the remainder when p is divided by 50?
35
Let o(q) = -15*q**2 - 3*q + 8. Let k be o(-2). Let b = k - -68. Calculate the remainder when b is divided by 9.
4
Suppose -5*k - 38 = -2*l + 428, -5*l + 1281 = 2*k. Calculate the remainder when 501 is divided by l.
248
Suppose 3*y - 42 + 12 = -5*t, -t + 3*y + 24 = 0. Let d = 159 + -150. Suppose -4*b + 5 = -2*l - 11, -5*b = 3*l - d. What is the remainder when t is divided by b?
0
Suppose -3*l + 2474 = -6*c + 5*c, -7 = -7*c. What is the remainder when l is divided by 64?
57
Let d be (-1839)/(-4) - -9*(-5)/60. Let h = d + -339. What is the remainder when h is divided by 3?
0
Suppose -3*q = i - 31, 24*q - 28*q - 2*i + 44 = 0. What is the remainder when 655 is divided by q?
7
Let w(a) = 119*a**2 - 3*a + 1. Let t be w(1). Let u = t + -69. Suppose 0 = 53*v - u*v - 985. Calculate the remainder when v is divided by 25.
22
Let k(v) = v**3 - 2*v**2 - v + 13. Let i be k(0). Suppose -2338 = -u - i*u. Calculate the remainder when u is divided by 19.
15
Let h = -59 + 29. Let b be -4*5/h*-3. Calculate the remainder when 21 is divided by -26 + 36 + (0 - b).
9
Let q = 14 + -13. Let s = 46 + -18. Let r = s - q. What is the remainder when 50 is divided by r?
23
Suppose -286*u = -295*u + 5670. Suppose -2*w - 16*w + u = 0. Calculate the remainder when 171 is divided by w.
31
Suppose 2*o - 2 + 10 = 0, -5*z + 14 = -o. Let s(a) = 17*a**3 - 81*a**2 - 8*a + 20. What is the remainder when s(5) is divided by 2*(z + 39/6)?
12
Let k(d) = 231*d - 42. Let h be k(6). Suppose 3*q = -4*f + h, 0*f - 353 = -f - 5*q. Calculate the remainder when f is divided by 67.
65
Suppose -33 = -4*m - 381. Let y = 148 + m. What is the remainder when y is divided by 31?
30
Suppose q + 3*w - 199 = 0, 2*w = 14*q - 12*q - 374. Calculate the remainder when 2278 is divided by q.
188
Suppose -91*q - 650 = -2379. Calculate the remainder when 32 is divided by q.
13
Calculate the remainder when (-174251)/(-219) - ((-1)/(-3) + 3/9) is divided by 8.
3
Suppose -21 = 6*b - 3*b. Let r(f) = f**2 + 6*f + 12. What is the remainder when r(b) is divided by 3?
1
Let f be (-15)/(-12) - (2 + 44/(-16)). Suppose 4*p = -4, f*j - p = 5*j - 128. What is the remainder when j is divided by 15?
13
Suppose 17*a - 5580 + 1389 - 7624 = 0. Calculate the remainder when a is divided by 12.
11
Let q = -99 + 106. Let n = 6 - q. Calculate the remainder when n/5 + (112/10 - -2) is divided by 8.
5
Suppose 4*s - 2*t - 62 = 0, 0 = 2*s - 2*t - 32 - 4. Let h = 